{"id":2313,"date":"2022-12-22T07:41:26","date_gmt":"2022-12-22T06:41:26","guid":{"rendered":"http:\/\/gvgmaydwk.preview.infomaniak.website\/?page_id=2313"},"modified":"2025-03-11T15:30:20","modified_gmt":"2025-03-11T14:30:20","slug":"accueil","status":"publish","type":"page","link":"https:\/\/artsderueetcirque.ch\/pform23\/fr\/accueil\/","title":{"rendered":"Accueil"},"content":{"rendered":"\n<div class=\"wp-block-columns is-layout-flex wp-container-core-columns-is-layout-9d6595d7 wp-block-columns-is-layout-flex\">\n<div class=\"wp-block-column bordered is-layout-flow wp-block-column-is-layout-flow\">\n<p>Bienvenue sur l&#8217;espace de contribution au r\u00e9pertoire suisse Arts de rue &amp; de Cirque.<\/p>\n\n\n\n<p>Fonctionnalit\u00e9s disponibles :<\/p>\n\n\n\n<ul class=\"wp-block-list\">\n<li><a href=\"https:\/\/artsderueetcirque.ch\/pform23\/wp-login.php?action=register\">Cr\u00e9er un compte <\/a>et ajouter des contributions<\/li>\n\n\n\n<li><a href=\"https:\/\/artsderueetcirque.ch\/pform23\/wp-login.php\">Acc\u00e9der \u00e0 votre compte<\/a> et \u00e9diter vos contributions<\/li>\n<\/ul>\n\n\n\n<p>Vous serez guid\u00e9 dans vos d\u00e9marches au fur et \u00e0 mesure. Pour toutes questions ou remarques, vous pouvez \u00e9crire \u00e0 <a href=\"mailto:fars@procirque.ch\" target=\"_blank\" rel=\"noreferrer noopener\">fars@procirque.ch<\/a>.<\/p>\n<\/div>\n\n\n\n<div class=\"wp-block-column bordered is-layout-flow wp-block-column-is-layout-flow\">\n<p>Willkommen im Bereich f\u00fcr Beitr\u00e4ge zum Schweizer Berufsverzeichnis Zirkus &amp; Strassenkuenste<\/p>\n\n\n\n<p>Verf\u00fcgbare Funktionen :<\/p>\n\n\n\n<ul class=\"wp-block-list\">\n<li><a href=\"https:\/\/artsderueetcirque.ch\/pform23\/wp-login.php?action=register\">Ein Konto erstellen<\/a> und Beitr\u00e4ge hinzuf\u00fcgen<\/li>\n\n\n\n<li><a href=\"https:\/\/artsderueetcirque.ch\/pform23\/wp-login.php\">Auf Ihr Konto zugreifen<\/a> und Ihre Beitr\u00e4ge bearbeiten.<\/li>\n<\/ul>\n\n\n\n<p>Sie werden im Laufe der Zeit durch Ihre Schritte gef\u00fchrt. Bei Fragen oder Anmerkungen k\u00f6nnen Sie an <a href=\"mailto:fars@procirque.ch\" target=\"_blank\" rel=\"noreferrer noopener\">fars@procirque.ch<\/a> schreiben.<\/p>\n<\/div>\n<\/div>\n\n\n\n<div class=\"wp-block-columns is-layout-flex wp-container-core-columns-is-layout-9d6595d7 wp-block-columns-is-layout-flex\">\n<div class=\"wp-block-column bordered is-layout-flow wp-block-column-is-layout-flow\">\n<p>Benvenuti nell&#8217;area contributiva di Catalogo svizzero Artistrada e Circo.<\/p>\n\n\n\n<p>Funzioni disponibili:<\/p>\n\n\n\n<ul class=\"wp-block-list\">\n<li><a href=\"https:\/\/artsderueetcirque.ch\/pform23\/wp-login.php?action=register\">Creare un account<\/a> e aggiungere contributi<\/li>\n\n\n\n<li><a href=\"https:\/\/artsderueetcirque.ch\/pform23\/wp-login.php\">Accedere al proprio account<\/a> e modificare i contributi<\/li>\n<\/ul>\n\n\n\n<p>Sarete guidati durante il processo. Se avete domande o commenti, scrivete a <a href=\"mailto:fars@procirque.ch\" target=\"_blank\" rel=\"noreferrer noopener\">fars@procirque.ch<\/a>.<\/p>\n<\/div>\n\n\n\n<div class=\"wp-block-column bordered is-layout-flow wp-block-column-is-layout-flow\">\n<p>Welcome to the Swiss Street &amp; Circus Arts directory.<\/p>\n\n\n\n<p>Features available:<\/p>\n\n\n\n<ul class=\"wp-block-list\">\n<li><a href=\"https:\/\/artsderueetcirque.ch\/pform23\/wp-login.php?action=register\">Create an account<\/a> and add contributions<\/li>\n\n\n\n<li><a href=\"https:\/\/artsderueetcirque.ch\/pform23\/wp-login.php\">Access your account<\/a> and edit your contributions<\/li>\n<\/ul>\n\n\n\n<p>We&#8217;ll guide you through the process as you go along. If you have any questions or comments, please write to <a href=\"mailto:fars@procirque.ch\" target=\"_blank\" rel=\"noreferrer noopener\">fars@procirque.ch<\/a>.<\/p>\n<\/div>\n<\/div>\n","protected":false},"excerpt":{"rendered":"<p>Bienvenue sur l&#8217;espace de contribution au r\u00e9pertoire suisse Arts de rue &amp; de Cirque. Fonctionnalit\u00e9s disponibles : Vous serez guid\u00e9 dans vos d\u00e9marches au fur et \u00e0 mesure. Pour toutes questions ou remarques, vous pouvez \u00e9crire \u00e0 fars@procirque.ch. Willkommen im Bereich f\u00fcr Beitr\u00e4ge zum Schweizer Berufsverzeichnis Zirkus &amp; Strassenkuenste Verf\u00fcgbare Funktionen : Sie werden im [&hellip;]<\/p>\n","protected":false},"author":1,"featured_media":0,"parent":0,"menu_order":0,"comment_status":"closed","ping_status":"closed","template":"","meta":{"_acf_changed":false,"footnotes":""},"class_list":["post-2313","page","type-page","status-publish","hentry"],"acf":[],"lang":"fr","translations":{"fr":2313},"pll_sync_post":[],"_links":{"self":[{"href":"https:\/\/artsderueetcirque.ch\/pform23\/wp-json\/wp\/v2\/pages\/2313","targetHints":{"allow":["GET"]}}],"collection":[{"href":"https:\/\/artsderueetcirque.ch\/pform23\/wp-json\/wp\/v2\/pages"}],"about":[{"href":"https:\/\/artsderueetcirque.ch\/pform23\/wp-json\/wp\/v2\/types\/page"}],"author":[{"embeddable":true,"href":"https:\/\/artsderueetcirque.ch\/pform23\/wp-json\/wp\/v2\/users\/1"}],"replies":[{"embeddable":true,"href":"https:\/\/artsderueetcirque.ch\/pform23\/wp-json\/wp\/v2\/comments?post=2313"}],"version-history":[{"count":6,"href":"https:\/\/artsderueetcirque.ch\/pform23\/wp-json\/wp\/v2\/pages\/2313\/revisions"}],"predecessor-version":[{"id":10500,"href":"https:\/\/artsderueetcirque.ch\/pform23\/wp-json\/wp\/v2\/pages\/2313\/revisions\/10500"}],"wp:attachment":[{"href":"https:\/\/artsderueetcirque.ch\/pform23\/wp-json\/wp\/v2\/media?parent=2313"}],"curies":[{"name":"wp","href":"https:\/\/api.w.org\/{rel}","templated":true}]}}

<div class="wp-block-columns is-layout-flex wp-container-core-columns-is-layout-9d6595d7 wp-block-columns-is-layout-flex">
<div class="wp-block-column bordered is-layout-flow wp-block-column-is-layout-flow">
<p>Bienvenue sur l&#8217;espace de contribution au répertoire suisse Arts de rue &amp; de Cirque.</p>



<p>Fonctionnalités disponibles :</p>



<ul class="wp-block-list">
<li><a href="https://artsderueetcirque.ch/pform23/wp-login.php?action=register">Créer un compte </a>et ajouter des contributions</li>



<li><a href="https://artsderueetcirque.ch/pform23/wp-login.php">Accéder à votre compte</a> et éditer vos contributions</li>
</ul>



<p>Vous serez guidé dans vos démarches au fur et à mesure. Pour toutes questions ou remarques, vous pouvez écrire à <a href="mailto:fars@procirque.ch" target="_blank" rel="noreferrer noopener">fars@procirque.ch</a>.</p>
</div>



<div class="wp-block-column bordered is-layout-flow wp-block-column-is-layout-flow">
<p>Willkommen im Bereich für Beiträge zum Schweizer Berufsverzeichnis Zirkus &amp; Strassenkuenste</p>



<p>Verfügbare Funktionen :</p>



<ul class="wp-block-list">
<li><a href="https://artsderueetcirque.ch/pform23/wp-login.php?action=register">Ein Konto erstellen</a> und Beiträge hinzufügen</li>



<li><a href="https://artsderueetcirque.ch/pform23/wp-login.php">Auf Ihr Konto zugreifen</a> und Ihre Beiträge bearbeiten.</li>
</ul>



<p>Sie werden im Laufe der Zeit durch Ihre Schritte geführt. Bei Fragen oder Anmerkungen können Sie an <a href="mailto:fars@procirque.ch" target="_blank" rel="noreferrer noopener">fars@procirque.ch</a> schreiben.</p>
</div>
</div>



<div class="wp-block-columns is-layout-flex wp-container-core-columns-is-layout-9d6595d7 wp-block-columns-is-layout-flex">
<div class="wp-block-column bordered is-layout-flow wp-block-column-is-layout-flow">
<p>Benvenuti nell&#8217;area contributiva di Catalogo svizzero Artistrada e Circo.</p>



<p>Funzioni disponibili:</p>



<ul class="wp-block-list">
<li><a href="https://artsderueetcirque.ch/pform23/wp-login.php?action=register">Creare un account</a> e aggiungere contributi</li>



<li><a href="https://artsderueetcirque.ch/pform23/wp-login.php">Accedere al proprio account</a> e modificare i contributi</li>
</ul>



<p>Sarete guidati durante il processo. Se avete domande o commenti, scrivete a <a href="mailto:fars@procirque.ch" target="_blank" rel="noreferrer noopener">fars@procirque.ch</a>.</p>
</div>



<div class="wp-block-column bordered is-layout-flow wp-block-column-is-layout-flow">
<p>Welcome to the Swiss Street &amp; Circus Arts directory.</p>



<p>Features available:</p>



<ul class="wp-block-list">
<li><a href="https://artsderueetcirque.ch/pform23/wp-login.php?action=register">Create an account</a> and add contributions</li>



<li><a href="https://artsderueetcirque.ch/pform23/wp-login.php">Access your account</a> and edit your contributions</li>
</ul>



<p>We&#8217;ll guide you through the process as you go along. If you have any questions or comments, please write to <a href="mailto:fars@procirque.ch" target="_blank" rel="noreferrer noopener">fars@procirque.ch</a>.</p>
</div>
</div>

<p>Bienvenue sur l&#8217;espace de contribution au répertoire suisse Arts de rue &amp; de Cirque. Fonctionnalités disponibles : Vous serez guidé dans vos démarches au fur et à mesure. Pour toutes questions ou remarques, vous pouvez écrire à fars@procirque.ch. Willkommen im Bereich für Beiträge zum Schweizer Berufsverzeichnis Zirkus &amp; Strassenkuenste Verfügbare Funktionen : Sie werden im [&hellip;]</p>
